43
-6 + -37 + 8 + (-14 - (-33 + 26))
-42
(-10 - ((16 - 30) + -15)) + (65 - 6)
78
Evaluate 0 - -16 - (-61 + 38 - -23).
16
What is -4 - ((-14 + 12 - 0) + 3 + 4 + 12)?
-21
What is the value of 27 - (2 + -22 - (-69 + -4 + 62))?
36
Calculate -5 - (-14 + 22 + (-13 - -23)).
-23
Evaluate -13 - (51 - (-86 + 91)).
-59
What is the value of (-7 + 10 - -54) + (-40 - -21)?
38
What is the value of (6 - -34 - 6) + 12 + 9 + -12?
43
Evaluate (13 - (9 - -3 - 1)) + (-9 - -18) - 21.
-10
What is the value of 31 + (-13 - -1) + -19 + -50?
-50
What is (51 + -125 - -67) + 0?
-7
Evaluate -23 - (-46 + -26 + 16 + 13).
20
What is -18 - -1 - (4 + 23 - 84)?
40
Evaluate -17 + -16 + (-7 - (13 - 20)).
-33
Calculate (28 - (2 + 43)) + (1 - 63) + -8.
-87
What is the value of (-229 - -227) + (0 + 0 - -13) + -15?
-4
What is the value of (-2766 - -2725) + (-4 - 0) + 29?
-16
20616 + -20685 - (1 - 77)
7
24 + -52 + -6 - -84
50
Calculate -559 + 547 + -7 + 9 + (0 - (1 - 3)).
-8
What is 2 + (1 - (-2 + 4) - 10) - (-493 + 523)?
-39
Calculate (1 - 49) + 4857 + -4734.
75
-3 - ((-31 - -26) + (-3 + 2 - 2) + -37)
42
What is the value of -22 - (-30 - (-18 + 16)) - (-1 + 3) - -44?
48
Evaluate (-9 - -25 - 11) + -12 - (1 - 46) - -9.
47
Calculate 36 - 24 - (-1 - -10 - (54 + -53)).
4
What is the value of (-164 - (-169 - -14)) + (73 - -1)?
65
-21 - (55 + -51) - -86
61
78 - (13 - -78) - (72 + 0 - (3 - -1))
-81
What is the value of (31 - (0 + (-2 - 2) + 0)) + 14?
49
What is -4 + (-11 + 16 + 9 - (20 + -48))?
38
Evaluate -12 + (48 - 12 - 20) - -37.
41
What is -196 - -161 - (11 - 52) - (-48 + 1)?
53
What is 104 + (1 - (2 + -3) - 0 - 24)?
82
Calculate (6 + -63 - -71) + -36.
-22
-136 + 77 + 47 - ((7 - 4) + -51)
36
Calculate -29 + (3 - (-13 - -34)) + 128.
81
What is -64 - ((-13 - -2) + (-3 - (-7 - 4)))?
-61
Evaluate -47 + 7 + (48 - -13).
21
Evaluate -1 + (17 - -4 - (-3 + 16)) - 11.
-4
What is -1 + -50 - (-787 - -766)?
-30
-1 + 29 + -25 + -9 + 18 - (-2 + 7)
7
Evaluate (-4 - (-68 + -8 + -1)) + 65 + -68.
70
Calculate 516 + (868 - 1378) - (-1 - -1 - -59).
-53
What is the value of (926 - 902 - (-3 + 1)) + -140?
-114
Calculate 41 - 29 - (56 - 56).
12
226 + -85 + 22 + -63
100
-9 + 46 + (5 - -8 - 38)
12
Evaluate -30 + 4 + -3 + 2 + -29.
-56
Calculate -29 + (-10 - -8 - ((4 - 0) + -4)).
-31
Evaluate (9 - (-11 - -8) - -9) + -10 + -41.
-30
Evaluate 24 + (12 - 53) + 12 + -9 - 73.
-87
What is -18 + (8 - (-12 + -93 - (-2 - 5)))?
88
What is the value of 46 - (18 + (6 - 10) + -2 + -1)?
35
Calculate -11 - (-8 - -10) - (8 - (27 + 43)).
49
Evaluate 16 + (1 + -1 + 9 + -14 - 1) - -25.
35
Calculate 54 - (-155 + -74 + 160).
123
Evaluate 9 + (51 - ((-4 - 1) + 14)) + -12.
39
Calculate -2 - (61 - -2) - (-35 - (4 - 28 - 11)).
-65
What is the value of 41 + (-5 - (29 - 57 - -26))?
38
(8 - 67) + (-340 - -346)
-53
What is (17 - -16) + -63 - (0 + (-3 - -16))?
-43
Evaluate 29 + -94 + 4 + -8 + (12 - -6).
-51
(115 - (101 + -46)) + (-6 - 28)
26
-21 + (-180 - -205 - (-51 - -1))
54
What is the value of 9 + (-7 - 1 - ((8 - 20) + 3))?
10
Evaluate 14 + 2 + -2 + 2181 + -2137.
58
Evaluate -21 - (-9 + (30 - 37) + 4 + 0 + -2).
-7
Calculate -84 - -17 - -106 - (1 + 12 - -2).
24
Evaluate 31 + -57 - (-35 + 1).
8
Calculate (11 - -4) + (-27 - 12 - -32) - 18.
-10
Evaluate -10 - (31 + (-4 - (4 + -3)) + 4).
-40
Evaluate -3 - (66 - (-74 + 102)).
-41
What is the value of (-125 - (-16 - 7 - (-8 + -32))) + 15?
-127
Calculate -55 + (50 - -9 - -30).
34
Calculate -52 + (1 - 1) - (-33120 + 33094).
-26
Evaluate 7 - (-12 + 3) - (-26 + 38 + -27).
31
Calculate 31 - 32 - (10 + (-72 - (1 - 11))).
51
Calculate -26 - (51 - 124) - 24.
23
What is the value of 7 + -11 + (-4 - (1 + 24))?
-33
What is 28 + (6 - (11 + 12)) - 21?
-10
Calculate 14 + 164 + (-6 - 122).
50
35 - (-6 + -2 + 7 - -12 - 1)
25
What is (1072 + -1067 - (-1 + 39)) + -22?
-55
12 - (-17 + -1 + 23 - 4)
11
Calculate (0 - -3 - -1) + -1 - -63 - (3 + -14).
77
2 + 11 + -36 + 16 - -80
73
(-5 - 14 - (-23 + 12 - 24)) + (10 - 0)
26
Evaluate (-743 - -606) + (14 - 5).
-128
Calculate -7 + 0 - (-20 - 0 - 11 - -52).
-28
Evaluate (-25 - -87) + -47 + (1 - (5 - -66)).
-55
What is the value of 5 + 2 + (11 - 10) + 97 + -165?
-60
Calculate (4 - 5 - 1 - 7 - (-80 + 68)) + -33.
-30
(38 - 86) + 100 - ((0 - -1) + -13)
64
What is the value of 61 - (123 - 71) - (0 + -60 - (5 - 8))?
66
-3 + -4 - (-57 + 37 + 36)
-23
What is -25 - (-12 - (4 + (6 - (-3 + 12))))?
-12
Evaluate (1 - -1) + -45 + -1341 + 1353.
-31
What is the value of (-12 - (-10 - (-7 + -3) - -20)) + 2?
-30
What is (-27 - -26) + 45 + 1?
45
What is 17 - ((-26 - -21) + -15 + 38)?
-1
What is the value of (-18 - 7) + 6 + 21 + (2 - -2 - 3)?
3
What is the value of 8 + (-14 - -59 - (-7 - -14 - 23))?
69
What is the value of -2 + (32 + -41 - -85) + -12 + 2 + -3?
61
What is (-63 - -46) + (-6 - (-2 + 3)) - (107 - 114)?
-17
(2057 - 2013) + (0 - 47)
-3
Evaluate 56 + -1 + 16 + (-119 - -77).
29
Calculate 94 + -58 + 12 - 91.
-43
-58 + (0 - -5 - 0) + (-1 + 1 - 1)
-54
Evaluate 113 - (61 - (42 - 12)).
82
Calculate 101 - 20 - (74 - 55).
62
-24 - 2 - (-27 - -5) - (2 + 29)
-35
What is the value of -2 - -10 - 13 - -16?
11
(4 - (3 - -21)) + -572 + 514
-78
-2 - -10 - (-2 - -37) - (-1 + 2 + -8)
-20
What is the value of 1317 + -1298 + (2 - (-2 - -77)) + 3?
-51
Calculate 0 + -87 - (-1343 - -1258).
-2
-12 + (-14 + 21 + -9 - -13) + -11 + -78
-90
Calculate -96 + (-145 - 15) + 153.
-103
What is the value of (-8 - (5 - 7)) + (2 - -11) + 0?
7
Evaluate 5 + (-8 + 66 - -9) + 4 + 7 + -16.
67
(13 + 2 + 1 - -3) + (-498 - -502)
23
38 - 103 - (-202 - -177)
-40
-12 + (-25 + 22 + 8 - (-3 + -40)) - -4
40
Calculate 6 + (-75 - 59 - -150).
22
Calculate (-5 - 126) + 2 + (-7 - 8 - -27).
-117
What is 80 - (-22 + 20 + (15 - 11) + -6)?
84
Calculate 4 + 0 + 0 + 2 + 4 + 18 + -95.
-67
What is 86 - (12 + 8 + -1 - (-35 + 42))?
74
Calculate -15 - (-70 + 70 + -2 + 3 + -95).
79
Calculate (27 - 1) + (-12 - 1) + 30.
43
What is the value of 0 + 27 - (12 + 15 - 7)?
7
What is 23 + (-12 - 77) - -12?
-54
Evaluate 73 - ((-67 - -36) + 47 + 14).
43
Evaluate -12 - (-14 + 18 + -9 - -12 - -25).
-44
Calculate -1 - 19 - 1 - (-2 - 36).
17
Calculate 81 - (((8 - -1) + 22 - 9) + -26).
85
40 - (-33 - (18 - 31))
60
What is (-9 - -5) + 58 - (38 + -19)?
35
Evaluate -6 - (5 - (-98 + 74)).
-35
Evaluate (1 - 10) + (-152 - -148).
-13
What is 44 - -243 - 290 - (11 - 1)?
-13
-24 - ((-30 - -16) + 25 + -133)
98
What is the value of -108 - (87 - (11 - -99))?
-85
Evaluate -14 + 37 + 17 + -64.
-24
What is 0 + -40 + 136 + -106 + (-97 - -3)?
-104
Calculate -6 + (12 - 5) + (27 - 55).
-27
-41 - 2 - -2 - (1 + -6 + 1)
-37
Evaluate (-106 - (15 + -57)) + 57.
-7
-21 + -16 - (3 - 202) - 18
144
What is (-20 + 9 - (-11 + 2) - 4) + (2 - -24)?
20
Calculate -44 - (-67 - -83) - -133.
73
Evaluate (-21 + 6 + 3 + 7 - (0 + 0)) + 39.
34
Calculate 25 - 8 - (-165 + 146).
36
Calculate 3 + -117 + 146 + -103.
-71
Calculate -9 + 26 + (-63 - -21) - -66.
41
31 + (-85 - 31 - -42)
-43
Calculate 6 + -45 + 41 + ((-4 - 1) + 1 - 71).
-73
What is 11 + -24 + 6 + -3 + (-2 - (-14 - -10))?
-8
-34 + 23 + -10 - (10 + -29 - -38)
-40
What is the value of 3 + (1 - 69) + (-8 - -4) - (-5 - 2)?
-62
Evaluate -2 + 1 + 0 + 2 + 0 + (-96 - -107).
12
Calculate (-94 - -98) + 64 - 70.
-2
-9 - (1 - 11) - 3 - -6 - 13
-9
What is the value of (3 + -4 - 35) + 3?
-33
What is the value of 7 - (34 + (7 - (0 - (4 + -7))))?
-31
Calculate 46 - 17 - -13 - 1.
41
Calculate 5 + -123 + (-25 - -1 - (248 - 269)).
-121
(42 - (34 + -13)) + 3 + -2 + 2
24
Calculate 16 - (-25 + -1 - (416 + -443)).
15
What is -125 + 137 + 2 + (0 - 7) + 5 + -48?
-36
Evaluate (38 - (32 - (-7 + 20))) + -1 - -3.
21
What is the value of (22 + (36 - 72) - (1 + 7) - 0) + 7?
-15
What is the value of (16 - (40 + (-20 - -12))) + (-1 - 2 - -7)?
-12
-38 - ((3 - 17) + 10)
-34
Evaluate (-1 - 1) + 8 - (5 + -47 - (-243 + 233)).
38
What is -2 + 9 + -3 + (-45 - (50 - 91)) + 10?
10
What is -1 + 6 - (13 - (7 + -46 + 63))?
16
Calculate -8 - (-2 + (-40 - -2) + (-1 + 23 - 25)).
35
What is 41 + -28 - (10 + -1 + 14)?
-10
Evaluate (-21 + 21 - ((1 - -6) + 95)) + (18 - 8).
-92
Evaluate (0 - -51) + (15 - 68 - -36) + 8.
42
(1 - (0 - 11)) + (-11 + 6 - -4) + -76
-65
38 + 27 + -45 + -44
-24
Calculate 2 + -10 + (-28 - -34 - -24).
22
Calculate 11 + -34 + 3 + 43 + -42.
-19
67 - (16 + (7 + -12 - -21))
35
Eval